 be n(-5). Let c = m - -4401. Is c composite?
False
Let a(x) = -650*x - 101. Let s(o) = -2*o**2 - 25*o + 98. Let l be s(-16). Is a(l) prime?
True
Is ((-650488)/(-24) - 10)*(-18)/(-6) a composite number?
False
Is (-2)/(-4) + 5/(50/4675365) prime?
False
Let n = -523 - -23. Suppose t - 8*q + 13*q + 389 = 0, 5*t - 3*q = -1749. Let x = t - n. Is x a composite number?
True
Suppose 28*j = 35336 + 76356. Is j composite?
False
Let i be (-22)/(-6) - 4*1/(-3). Suppose -i*y + 2*o - 112 + 627 = 0, 5*y = -o + 515. Is y composite?
False
Let z = -81785 + 131008. Is z a prime number?
True
Suppose -23*q = 69626 + 415628. Is (-2)/3 + q/(-66) a composite number?
True
Let z(t) = -3*t**3 - 5*t**2 - 11*t + 40. Let k be z(-11). Suppose -k = -18*w + 31677. Is w a composite number?
True
Let x = 112953 + -66160. Is x a composite number?
True
Suppose 45*n = 46*n + 48. Is (2761/4)/((-12)/n) prime?
False
Let s(l) = 11*l + 967. Let j be (3 + -3)/(5/(35/21)). Is s(j) composite?
False
Is 50986782/616 + ((-2)/(-6))/(4/3) prime?
False
Suppose 4*y = -5*p + 25, 3*y + 6*p - 19 = 2*p. Suppose y = 3*k + 2*k, -3*u + 58570 = k. Is u a composite number?
True
Suppose -980*a - 4763715 = -995*a. Is a a prime number?
False
Let m = 36851 - 14754. Is m composite?
True
Let z(t) = -20*t - 16 + 397*t - 5 - 2 - 4. Is z(4) a prime number?
True
Let m be (-52)/6 + 2/(-6). Let a(g) be the second derivative of -g**5/20 + g**4/4 - 5*g**3/6 - 11*g**2 - 12*g + 17. Is a(m) a composite number?
True
Let c be -4 + 1 + 6 + 885. Let n = 1517 - c. Is n a composite number?
True
Suppose -1213 = -2*b + 3*b - 5*r, b + 1216 = 2*r. Let s = 9406 - b. Let q = s + -6819. Is q a composite number?
True
Let k = 30 - 24. Suppose -4*o + i = k*i - 3, 2 = -o - 4*i. Suppose 0*y + 154 = 2*y + 3*b, -o*y - 5*b + 162 = 0. Is y a prime number?
True
Let w(f) = -f - 8577. Let l be w(0). Let b(k) = -641*k + 93. Let n be b(9). Let h = n - l. Is h composite?
True
Let w(z) = 7*z**3 - 24*z**2 - 87*z - 39. Is w(26) a composite number?
True
Let r be (0/(-3) + 577)*-4. Is r*1*(2/1)/(-4) composite?
True
Let g(h) = -4013*h + 131. Let n be g(6). Let z = -13253 - n. Is z a prime number?
False
Suppose -5*n = -2*p + 101312, 318384 = 5*p - 4*n + 65053. Is p a prime number?
True
Let n(b) = -b**2 + 8*b + 5. Let x be n(8). Suppose -x*g + 16*g = 7*g. Suppose -v = 0, q + g*v - 4*v = 3217. Is q a prime number?
True
Is 1*6/(-39) - (-10 + 5817735/(-91)) prime?
False
Suppose -2*u = -10*x - 340968, -3*x + 97945 = -4*u + 779864. Is u prime?
False
Let n = 16 - 8. Suppose -2*h - n*h - 210 = 0. Is 3/(-7) - 45306/h a composite number?
True
Let r = 104 - 90. Is (4/r)/((-60)/(-629790)) prime?
True
Let b = -45 - -75. Suppose -4*d + 2*p + b = 0, -2*p = -3*p - 5. Is d/(45/(-6)) - (-1419)/9 a prime number?
True
Let p be (-7875)/12*(-23 + -1). Suppose -3*o - 3*o + p = 0. Suppose 0 = -5*v + 5*u + 2580, -o = -5*v + 2*u - 6*u. Is v a composite number?
False
Let c(l) = -621*l**3 + 5*l + 5. Let r(k) = -k**3 + k**2 + 6*k - 2. Let n be r(3). Is c(n) a prime number?
False
Let g(n) = -2*n + 24. Let m(p) = p**3 - 8*p**2 + p + 2. Let t be m(8). Let v be g(t). Suppose v*b - 784 = -q - q, 1187 = 3*q - 5*b. Is q a composite number?
True
Let m = -119 + 131. Suppose 40476 = m*q + 9000. Is q a composite number?
True
Let g be 2235/(-35) - 4/28. Let h = g - -31. Is (1*(-1 + h))/((-162)/6723) a prime number?
False
Let h be 94*(-399)/1*(-1)/(-2). Let k be 2/8 - (-4 + h/12). Suppose c + 3 = 0, -4*c + k = 2*m + c. Is m a composite number?
True
Let g = 479135 - 333774. Is g a composite number?
False
Let a(x) = -x**3 + 10*x**2 + 8*x + 9. Suppose 6*y - 9*y + 45 = 0. Suppose 0 = 4*p - 4*u - 20, 3*p + y = 2*p + 5*u. Is a(p) composite?
False
Let p(d) = 524*d**2 + 3*d - 3. Let u(o) = 2*o**2 - 9*o + 16. Let w be u(6). Let r = w + -32. Is p(r) a prime number?
True
Suppose 2*p + 2010 + 4895 = 3*y, 0 = p + 3*y + 3475. Let n = p - -5111. Is n prime?
False
Suppose 24 = 3*w + 3. Suppose 0 = -w*p + 55581 + 12046. Is p a prime number?
True
Let h(q) = 4*q - 15. Let w(r) = -7*r + 30. Let v(g) = 5*h(g) + 3*w(g). Let k be v(15). Suppose k*o + 145 = o. Is o a composite number?
True
Let u = 1041529 + -543036. Is u prime?
True
Let u(o) = 20*o - 3. Let n(q) = -39*q + 6. Let x(t) = -6*n(t) - 14*u(t). Let l be x(-7). Suppose i = -4*v + 597, 2*i = 4*v + l + 842. Is i a prime number?
False
Let q(f) = -52*f**3 + 8*f**2 + 23*f. Let j be q(-4). Is (j + -2 + -3)*(1 - 0) prime?
True
Let m(w) be the second derivative of w**4/4 - 13*w**3/3 - 31*w**2/2 + 16*w + 3. Is m(-24) a composite number?
True
Suppose -11*j + 14812 = -1083. Let r = 2062 - j. Let l = r + 1230. Is l composite?
False
Suppose 0 = -413*w + 46*w + 182314957. Is w composite?
True
Let s(n) = -142*n**3 - 3*n**2 + 3*n - 7. Suppose 25 = -2*i + 19. Is s(i) prime?
False
Let m = 583012 - -199941. Is m a prime number?
False
Is 0 - (-473616 + (4 - 3)) prime?
False
Suppose -35 = 6*z - 65. Suppose 0 = -2*q + z*b + 14632, 21957 = 12*q - 9*q - 3*b. Is q a prime number?
True
Suppose -38*s + 26880 = -34*s. Let w = s + -3355. Is w a prime number?
False
Let g(p) = 24*p**2 - 132*p - 123. Is g(33) composite?
True
Suppose 590*p - 598*p = -40. Is 4713 - (-1)/(p/20) a prime number?
False
Suppose -9640 + 87452 = 7*f. Suppose 3*h - 16670 = -4*w + 5*w, 2*h = -2*w + f. Is h a composite number?
False
Let k be 2/4 + -1 + (-413168)/(-544). Let p be 2958/8 - 2/(-8). Let t = k - p. Is t prime?
True
Let r(y) = 172*y - 26. Let p be r(20). Suppose 4*c - p - 3966 = 0. Let s = -1102 + c. Is s a composite number?
False
Let q(u) = 117*u**2 - 14*u + 72. Is q(-17) a composite number?
False
Let r = 183752 - 33249. Is r a composite number?
False
Let m(a) = -a**3 + 10*a**2 + 10. Let n be m(9). Suppose -3*c = 89 + n. Let z = c - -139. Is z composite?
False
Suppose -13 - 11 = -3*c + 3*w, 5*w = c - 20. Suppose -5*o = -5*v + 51680, 0 = -c*v + v + o + 41329. Is v prime?
True
Let f(u) = u**3 + 2*u**2 - 2*u - 2. Let d = -41 + 39. Let m be f(d). Suppose 3*l + v = 2*l + 674, l = m*v + 665. Is l a prime number?
False
Let h(q) = -q + 77. Let y be h(0). Let t = y - 113. Is 14*((-8)/(-36) - 4978/t) prime?
False
Let s = 95767 - -6768. Is s a composite number?
True
Let f = -8 + 10. Suppose 4*m = f*m + 6. Suppose -7*u + 844 = -m*u. Is u prime?
True
Let q = -58 - -64. Suppose -2*d = -4*w - 9814, 9*w - 4927 = -d + q*w. Is d a composite number?
True
Suppose -44 = 249*v - 253*v. Suppose v*y = 37*y - 53378. Is y a prime number?
True
Suppose -99 = -5*b - 14. Suppose 18205 = -6*t + b*t. Is t a composite number?
True
Suppose 36*d = -72915 + 26979. Let p = 2495 + d. Is p a prime number?
False
Let z(o) = o**2 - 2*o + 2. Let q be z(3). Let u(d) = -2*d**2 + 139*d + 363. Let w be u(72). Suppose 2*v + 940 - 3174 = -q*n, -w*v + 2*n = -3351. Is v composite?
False
Suppose -48572 = -118*k + 117*k + t, -97135 = -2*k - t. Is k prime?
False
Let r be (-2 - -3)/((-8)/(-16)). Let v(s) = -5*s - 7 - 133*s**3 + 132*s**3 - 2*s**2 + r*s. Is v(-6) a prime number?
False
Let x(d) = 3644*d - 4549. Is x(39) composite?
False
Let b(y) = y**2 + 20*y + 50. Let a be b(-17). Let z be -1 - (144/(-60))/(a/(-5)). Suppose z*v - 351 = 1090. Is v a prime number?
True
Let d be 42/(-6)*(-2)/(-4)*458. Let a = 4100 - d. Is a a prime number?
False
Is 2 - 10/1 - (-42800 + 1) a prime number?
False
Let a(g) = -g**3 + 36*g + 56577. Is a(0) composite?
True
Let z(g) = -302*g + 43. Suppose 4*a + 13 = -3*m - 37, -5*m = -2*a + 66. Is z(m) composite?
False
Suppose 56*o - 294794 = 983574. Suppose -9*r - 17*r = -o. Is r a prime number?
False
Suppose -246*v - 483 = -253*v. Suppose 4*w = 2*p - 10 - 120, 3*w - 3*p = -102. Let x = v + w. Is x a prime number?
False
Let n(c) = 125*c**2 - 11*c - 8. Let t = 70 + -66. Let h be n(t). Suppose g = 5*d - 1540, 5*d + 3*g + 428 = h. Is d prime?
True
Let x be 14/14 + (-3456)/(-3). Suppose 564 + x = k. Is k composite?
True
Let w(s) = 3*s**2 + 16*s + 2. Let o = -84 - -84. Suppose 0 = 2*q - 2*a + 24, o*q = -2*q - 5*a - 59. Is w(q) composite?
True
Let s = -3978 - -6103. Let g = 5582 - s. Is g a prime number?
True
Let n = -3187 - -14592. Is n prime?
False
Let l = -50493 - -100822. Is l a prime number?
True
Suppose -357*l - 611495 = -79*l - 14303829. Is l composite?
False
Suppose 3 = -y, 0 = -4*g + 78*y - 76*y + 1753282. Is g a prime number?
False
S